ative of -1/2*z**2 - 1/10*z**5 - 1/12*z**4 + 0 + 1/3*z**3 + z. Give k(-2).
7
Let z = -17 - -17. Let b(r) = -r**3 + r**2 - 6. Determine b(z).
-6
Let b(h) = -h**2 - 3*h - 2. Let a = 10 - 14. What is b(a)?
-6
Let k(f) be the first derivative of -f**2 - 6*f + 1. Give k(-4).
2
Let n(t) = -2 + t - 2 - 2*t. Let z be n(0). Let m(i) = i**3 + 5*i**2 + 2*i - 3. Determine m(z).
5
Let y = -4 - -2. Let w = -4 + 6. Let h(g) = g + 2 - w*g + 0*g. Determine h(y).
4
Let c = 0 + 2. Let g(h) = -h**2 - 5*h**2 + 4*h**2 + h**3. Give g(c).
0
Let k(y) = y**3 + 2*y**2 - y + 1. Let v be (2/4)/((-7)/(-84)). Suppose 2*j = -v + 2. Determine k(j).
3
Let o be (-1)/(-4) - 45/(-12). Suppose -w - 3 = k, -o*w = -2*w + 4*k + 4. Let f be (-2)/w*(6 - 0). Let v(r) = -r**3 + 4*r**2 - r - 3. Give v(f).
3
Suppose 4 = -7*z + 46. Let x(u) = -2*u + 7. Calculate x(z).
-5
Let i(a) be the first derivative of a**4/4 + a**3 - a**2 - a + 1. Suppose -3*s + 11 = -3*d - 4*s, 0 = 3*d + 4*s + 17. What is i(d)?
5
Let x(s) = -s + 10. Let c be x(8). Let v be (c/(-4))/((-1)/10). Let n(y) = 5 - 2 - 2*y**3 + 3*y**3 + 5*y - 6*y**2. Determine n(v).
3
Let i(v) = v + 4. Let u be (6/6)/(1/25). Let o = 25 - u. What is i(o)?
4
Let l(n) = -7*n**2 + 4*n - 6*n + 3*n - 2*n. Calculate l(1).
-8
Let a(v) = -2*v**3 - 6*v**2 - 2*v. Let u(y) = 3*y**3 + 6*y**2 + y - 1. Let h(f) = -4*a(f) - 3*u(f). Calculate h(7).
-11
Let l(m) = -m**2 + m + 4. Let u = -5 + 5. What is l(u)?
4
Let h(a) = -a + 1. Let y(j) = -j**3 + 4*j**2 + 4*j - 6. Let w(u) = -4*h(u) - y(u). Calculate w(2).
-6
Let z(y) = y - 4. Let n be z(7). Suppose 5*k + 6 = 2*x + x, 4*x - 5*k - n = 0. Let d(u) = u**3 + u**2 + 2*u**2 + 0 + 0 - u - 4. Determine d(x).
-1
Let w(v) be the third derivative of 11*v**7/2520 + v**6/720 + v**4/3 - 3*v**2. Let c(u) be the second derivative of w(u). Determine c(-1).
10
Let t = -116 + 119. Let i(h) = -2*h**2 + 4*h - 3. Determine i(t).
-9
Let k = -147 - -149. Let p(a) = 4*a + 0 + 0*a + 1. Calculate p(k).
9
Let y(z) be the first derivative of -3*z**2 + 4/3*z**3 + 2*z + 1 + 1/4*z**4. Determine y(-5).
7
Let d(k) = -2*k**2 + 10*k + 11. Let y(o) = -15*o - o**2 - 15 + 4*o**2 - 1 + 0*o**2. Let z be 6/4*10/3. Let l(c) = z*y(c) + 7*d(c). Determine l(5).
-3
Let y(m) = m**3 + 8*m**2 + 5*m + 2. Let h(a) = a - 12. Let j be h(5). What is y(j)?
16
Let j(c) = -c**2 - c - 3. Let a = 4 + -4. What is j(a)?
-3
Let u(w) = -w + 1. Suppose -8*m + 11*m - 6 = 0. What is u(m)?
-1
Suppose -9 = 2*f - 3. Let w(a) = -2 + a - 3*a - 2*a + 0. Calculate w(f).
10
Suppose 5*s - 19 = -c, 5*c + 0*s = -s + 23. Let x(g) = -2*g - 1 + c - 7. Determine x(-3).
2
Let y(m) = -m - 12. Let p = 8 + -8. Calculate y(p).
-12
Let l(w) = 8*w**3 - 15*w**2 + 3*w + 9. Let c(s) = -3*s**3 + 7*s**2 - s - 4. Let p(u) = -5*c(u) - 2*l(u). Let k = -1 + -4. Calculate p(k).
7
Let y(h) = -4*h**3 - h**2 + 2*h - 1. Let d be y(1). Let c = 0 + 0. Let s(n) = 0*n**2 + 4*n**2 + 1 + n**3 + c*n**3. Determine s(d).
1
Let t = 55 + -39. Let f(k) = -5 - 9 + t + 2*k + k**3 + 4*k**2. Give f(-4).
-6
Let a = 97 - 94. Let l(g) = 2*g**2 - 5*g + 2. Calculate l(a).
5
Let w(u) = -2*u + 0*u - 6*u + 10. Let i(z) = 7*z - 9. Let m(r) = 7*i(r) + 6*w(r). Let q = -9 - -5. What is m(q)?
-7
Let l(h) = h**2 - 4*h + 1. Let k(m) = 2*m - 3. Suppose -6*x + 5*x = -4. Let n be k(x). What is l(n)?
6
Suppose 2*p + 0 = 8. Suppose -2*h + p = -0*h. Let d(t) = -2 - h - 3*t + 3. What is d(-1)?
2
Let b(k) = -k**3 - 9*k**2 - 7*k + 10. Let u be b(-8). Let w(l) = -5 + 3*l - u*l**2 + 5 + l**3 - l**2 - 2. Calculate w(2).
0
Let i(a) = a**3 + 8*a**2 - 2*a - 11. Let s be (-8)/((-2)/(-1 - 1)). Let f be i(s). Let b(j) = -4*j**2 + 0*j**2 + 7 + 3*j**2 + 3*j. Determine b(f).
-3
Let p be 2/(1*(-2)/(-5)). Suppose -2*z = -0*z - 4*v - 10, -5*v - 25 = -p*z. Let x(i) = -i**2 + 6*i - 4. Give x(z).
1
Let l(a) = -2*a - 2. Let d = 15 + -20. Give l(d).
8
Let w(y) = 2*y**2 - 6*y + 3. Let p = 24 + -20. Calculate w(p).
11
Let n be (3 + -2)*1*-5. Let r be (-2)/n - 26/(-10). Let q(m) = -m**3 + m**2 + 3*m + 2. Determine q(r).
-7
Suppose 6*f - 9*f + 15 = 0. Let d(a) = a + 2. Calculate d(f).
7
Let w = 69 - 74. Let c(b) = b**2 + b + 7. Calculate c(w).
27
Let m(w) = 12*w - 35*w + 17*w - w**3 - 6*w**2 - 7. Determine m(-5).
-2
Suppose 2*v - 12 = -2. Let s(q) = 0*q**3 - q**2 - 3*q**3 + v*q**3 - 4*q**3. Let t(d) = d**2 - 4*d - 4. Let n be t(5). Determine s(n).
-3
Let i = -14 - -13. Let v be (0 - (4 + i)) + 4. Let c(s) = 3*s**3 + s**2 - 1. Give c(v).
3
Let i(y) = 42*y - 5 - 40*y + 19. What is i(-10)?
-6
Let m(w) = 0*w + 0*w + 1 + w. Let p(k) = -k**2 + k + 6. Let j be p(4). Let l(c) = -9*c - 10. Let t(d) = j*m(d) - l(d). What is t(-3)?
-5
Suppose -3*n = -3, -n + 0*n + 13 = 4*j. Let o(x) = -x**3 + 4*x**2 - 3*x + 2. Calculate o(j).
2
Let h(u) = -2*u - 19*u**2 - 2 + 16*u**2 - 4*u**3 + 3*u**3. Give h(-2).
-2
Let l(p) = 1 - 1 + 5*p**2 - 1 + 2*p**3 - 5*p - 3*p**3. Let m = -6 - -26. Suppose -3*c + 4 = -2*j, 5*c + j - m = c. What is l(c)?
-5
Let p(q) = -q - 5. Let n be p(-7). Let j(i) = 2*i**2 + i - 3*i - 3*i**n + 1. Let c be (-3)/3 + 2 + 0. What is j(c)?
-2
Let m = 13 - 3. Let h(a) = 4*a - m*a + a**2 - 33 + 33. Give h(6).
0
Let g(t) = 7*t**2 - 6 - 6*t**2 - 4*t**2 + 2*t**2 + 6*t. Calculate g(5).
-1
Let m(k) = k**3 - k**2 - 2*k - 1. Let h be m(2). Let r(i) = -i**2 - i - 1. Let a(x) = 3*x + 3. Let g(l) = a(l) + 3*r(l). What is g(h)?
-3
Suppose p - 4*p - 12 = 0. Let q(y) = -4*y - 3*y + 6 + 11*y + y**2. Give q(p).
6
Let s(i) = 6 - 7*i - 2*i**3 + 0 + 3*i**3 - 5*i**2 + 1. Let w be s(6). Let y(k) = 2*k**3 - k. What is y(w)?
1
Let r(i) = -4*i**2 + i. Suppose -8 = -12*a + 4. Calculate r(a).
-3
Let x(l) = -6*l - l - l. Let n = 26 + -27. Determine x(n).
8
Let p be (-246)/(-42) + 2 + 2/14. Let a(c) = -5*c - 49. Let u(y) = y + 12. Let f(w) = -2*a(w) - 9*u(w). Give f(p).
-2
Let h be ((-1)/2)/(6/(-60)). Suppose -3*r + h*r + 12 = 0. Let l(t) = t + 4. What is l(r)?
-2
Let b = -2 - -4. Let l = 2 - b. Let k(t) = l*t**3 + 3*t - t**3 + 0*t**3 + 4*t**2 + 3. Determine k(5).
-7
Let h be ((-12)/10)/(6/(-15)). Let k(b) = 97*b**3 - 3*b - 98*b**h + 0*b + 2 + 4*b**2. What is k(4)?
-10
Let p be (-8)/28 + 4/14. Let q(n) = -n**2 + n. Calculate q(p).
0
Let x(d) = -d - 1. Let q(c) = 2 + 0 - 2*c - 4 + c. Let z(l) = -3*q(l) + 5*x(l). What is z(3)?
-5
Let y(d) be the first derivative of -3*d**2 - 2. Let q be -1 + 1 + -3 + 1. What is y(q)?
12
Let z(o) = -o - 3. Let b(v) = 1. Let w(k) = 5*b(k) + 2*z(k). Let j = -12 - -10. What is w(j)?
3
Let q(j) = 10 + j**2 + j - 8*j - 7. Determine q(5).
-7
Let g(r) = -2*r + 6 + 2 - 6. Calculate g(2).
-2
Let o(d) = d - 8. Let z be o(8). Let i(p) = 3*p**3 - 2 + p**2 - 4*p**3 + z + 5*p. Let k(t) = t**3 + 9*t**2 + 8*t + 3. Let n be k(-8). Determine i(n).
-5
Let t(b) = -1 - 8*b + b - b + 5*b. Give t(-4).
11
Let s(r) = 5*r - 5 - 15*r**2 + 16*r**2 - r. Give s(-5).
0
Let h(n) = -n. Let v(x) = 2*x**3 - x**2 - x. Suppose s = 5*s + 20. Let q(c) = c + 4. Let y be q(s). Let b be v(y). Calculate h(b).
2
Let p(r) = -r - 1. Let g be p(-6). Suppose -60 = -g*k + 2*d - 7*d, -2*d = k - 8. Suppose 3*j - k = 2*l, j + j - 24 = 4*l. Let z(o) = -3*o - 1. Give z(j).
-7
Let h(k) = -k**2 + k + 1. Let n be 4*((-1)/(-1))/1. Suppose 0*p + p = 0. Suppose -n*w - 3 - 1 = p. Calculate h(w).
-1
Let t(i) be the second derivative of 0 - i**2 - 1/6*i**3 + 4*i. Let o be 1 - ((-4)/(-1))/(-2). Give t(o).
-5
Let f = -3 - -4. Let h(g) = 2 + f - g + 0. Calculate h(5).
-2
Let w = -13 + 18. Suppose 0 = -w*f - 3 - 2. Let s(d) = -6*d - 1. Calculate s(f).
5
Suppose 5*d - 23 = -3*t, 9*d = 5*d + 4. Let g(i) = i**2 - 4*i - 6. Give g(t).
6
Let u(d) be the third derivative of d**5/60 - d**4/4 - 2*d**2. What is u(7)?
7
Let u(l) = -l + 5. Let a(z) = -4*z**2. Suppose 3*n + 3 = -3*o, -5*o - 4*n = -0*o + 5. Let t be a(o). Calculate u(t).
9
Let p(h) be the first derivative of h**4/12 - h**3/2 + h**2/2 - 3*h + 1. Let t(c) be the first derivative of p(c). What is t(4)?
5
Let n(z) = z + 0*z**3 - 4 - z**3 + 3*z**2 - 6*z + 2*z. Calculate n(3).
-13
Suppose -2*h - 3*w = 4, -h + 0*w = 3*w + 5. Suppose 4*z = 3*s - 29, 5*z - 6 = -h. Suppose 0 = 3*a - s + 2. Let k(j) = 2*j**2 - 4*j + 3. Calculate k(a).
9
Let x(a) = a**2 - 6*a - 10. Let d = 10 + -3. Determine x(d).
-3
Let j(s) = -2*s**2 + 5*s - 1. Let m(k) be the third derivative of -k**5/30 + k**4/4 - k**3/3 - 4*k